{"id":388,"date":"2023-05-14T02:02:48","date_gmt":"2023-05-13T23:02:48","guid":{"rendered":"https:\/\/kocaelicozumelektrik.com.tr\/?page_id=388"},"modified":"2023-05-14T02:02:48","modified_gmt":"2023-05-13T23:02:48","slug":"avize-montaj","status":"publish","type":"page","link":"https:\/\/kocaelicozumelektrik.com.tr\/index.php\/avize-montaj\/","title":{"rendered":"Avize Montaj"},"content":{"rendered":"\n<figure class=\"wp-block-image size-full is-resized\"><img loading=\"lazy\" decoding=\"async\" src=\"https:\/\/kocaelicozumelektrik.com.tr\/wp-content\/uploads\/2023\/05\/avizem-1.jpg\" alt=\"\" class=\"wp-image-389\" width=\"372\" height=\"248\" srcset=\"https:\/\/kocaelicozumelektrik.com.tr\/wp-content\/uploads\/2023\/05\/avizem-1.jpg 850w, https:\/\/kocaelicozumelektrik.com.tr\/wp-content\/uploads\/2023\/05\/avizem-1-300x200.jpg 300w, https:\/\/kocaelicozumelektrik.com.tr\/wp-content\/uploads\/2023\/05\/avizem-1-768x511.jpg 768w\" sizes=\"auto, (max-width: 372px) 100vw, 372px\" \/><\/figure>\n\n\n\n<p><strong>Kocaali&#8217;de avize montaj\u0131 yapan yerler ar\u0131yorsan\u0131z elektrikcicagir an\u0131nda size profesyonel avize montaj\u0131 ustas\u0131n\u0131 y\u00f6nlendirir. Avize montaj\u0131 profesyonellik gerektirir dikkatle t\u00fcm par\u00e7alar\u0131 profesyonel bir \u015fekilde montaj edip uygulamak gerekir. Do\u011fru usta tercihi yapmak gerekti\u011fini tekrar hat\u0131rlatmak isteriz.\u00a0<\/strong><\/p>\n","protected":false},"excerpt":{"rendered":"<p>Kocaali&#8217;de avize montaj\u0131 yapan yerler ar\u0131yorsan\u0131z elektrikcicagir an\u0131nda size profesyonel avize montaj\u0131 ustas\u0131n\u0131 y\u00f6nlendirir. Avize montaj\u0131 profesyonellik gerektirir dikkatle t\u00fcm par\u00e7alar\u0131 profesyonel bir \u015fekilde montaj edip uygulamak gerekir. Do\u011fru usta tercihi yapmak gerekti\u011fini tekrar hat\u0131rlatmak isteriz.\u00a0<\/p>\n","protected":false},"author":1,"featured_media":0,"parent":0,"menu_order":0,"comment_status":"closed","ping_status":"closed","template":"","meta":{"neve_meta_sidebar":"","neve_meta_container":"","neve_meta_enable_content_width":"","neve_meta_content_width":0,"neve_meta_title_alignment":"","neve_meta_author_avatar":"","neve_post_elements_order":"","neve_meta_disable_header":"","neve_meta_disable_footer":"","neve_meta_disable_title":"","_themeisle_gutenberg_block_has_review":false,"_ti_tpc_template_sync":false,"_ti_tpc_template_id":"","_joinchat":[],"footnotes":""},"class_list":["post-388","page","type-page","status-publish","hentry"],"_links":{"self":[{"href":"https:\/\/kocaelicozumelektrik.com.tr\/index.php\/wp-json\/wp\/v2\/pages\/388","targetHints":{"allow":["GET"]}}],"collection":[{"href":"https:\/\/kocaelicozumelektrik.com.tr\/index.php\/wp-json\/wp\/v2\/pages"}],"about":[{"href":"https:\/\/kocaelicozumelektrik.com.tr\/index.php\/wp-json\/wp\/v2\/types\/page"}],"author":[{"embeddable":true,"href":"https:\/\/kocaelicozumelektrik.com.tr\/index.php\/wp-json\/wp\/v2\/users\/1"}],"replies":[{"embeddable":true,"href":"https:\/\/kocaelicozumelektrik.com.tr\/index.php\/wp-json\/wp\/v2\/comments?post=388"}],"version-history":[{"count":1,"href":"https:\/\/kocaelicozumelektrik.com.tr\/index.php\/wp-json\/wp\/v2\/pages\/388\/revisions"}],"predecessor-version":[{"id":390,"href":"https:\/\/kocaelicozumelektrik.com.tr\/index.php\/wp-json\/wp\/v2\/pages\/388\/revisions\/390"}],"wp:attachment":[{"href":"https:\/\/kocaelicozumelektrik.com.tr\/index.php\/wp-json\/wp\/v2\/media?parent=388"}],"curies":[{"name":"wp","href":"https:\/\/api.w.org\/{rel}","templated":true}]}}